{"id":1771,"date":"2019-01-07T10:38:27","date_gmt":"2019-01-07T09:38:27","guid":{"rendered":"http:\/\/musthavefashion.sk\/?post_type=product&#038;p=1771"},"modified":"2023-04-15T14:44:27","modified_gmt":"2023-04-15T12:44:27","slug":"bezovy-kardigan","status":"publish","type":"product","link":"https:\/\/musthavefashion.sk\/index.php\/product\/bezovy-kardigan\/","title":{"rendered":"B\u00e9\u017eov\u00fd kardigan Ol\u00edvia"},"content":{"rendered":"","protected":false},"excerpt":{"rendered":"<p>Hrub\u00fd kardigan s bal\u00f3nov\u00fdmi ruk\u00e1vmi je naozaj vhodn\u00fdm k\u00faskom do chladn\u00e9ho po\u010dasia. Roz\u0161\u00edren\u00e9 ruk\u00e1vy s\u00fa na z\u00e1p\u00e4stiach z\u00fa\u017een\u00e9. Kardigan m\u00e1 pleten\u00fd vzor a po bokoch sa nach\u00e1dzaj\u00fa vreck\u00e1. Je univerz\u00e1lnej ve\u013ekosti z pr\u00edjemn\u00e9ho a hrub\u00e9ho materi\u00e1lu.<\/p>\n<p>Univerz\u00e1lna ve\u013ekos\u0165.<\/p>\n<p>Modelka je vysok\u00e1 170 cm a m\u00e1 na sebe ve\u013ekos\u0165 UNI.<\/p>\n","protected":false},"featured_media":1772,"template":"","meta":[],"product_cat":[67],"product_tag":[136,135],"_links":{"self":[{"href":"https:\/\/musthavefashion.sk\/index.php\/wp-json\/wp\/v2\/product\/1771"}],"collection":[{"href":"https:\/\/musthavefashion.sk\/index.php\/wp-json\/wp\/v2\/product"}],"about":[{"href":"https:\/\/musthavefashion.sk\/index.php\/wp-json\/wp\/v2\/types\/product"}],"wp:featuredmedia":[{"embeddable":true,"href":"https:\/\/musthavefashion.sk\/index.php\/wp-json\/wp\/v2\/media\/1772"}],"wp:attachment":[{"href":"https:\/\/musthavefashion.sk\/index.php\/wp-json\/wp\/v2\/media?parent=1771"}],"wp:term":[{"taxonomy":"product_cat","embeddable":true,"href":"https:\/\/musthavefashion.sk\/index.php\/wp-json\/wp\/v2\/product_cat?post=1771"},{"taxonomy":"product_tag","embeddable":true,"href":"https:\/\/musthavefashion.sk\/index.php\/wp-json\/wp\/v2\/product_tag?post=1771"}],"curies":[{"name":"wp","href":"https:\/\/api.w.org\/{rel}","templated":true}]}}