{"id":1911,"date":"2019-01-29T16:35:37","date_gmt":"2019-01-29T15:35:37","guid":{"rendered":"http:\/\/musthavefashion.sk\/?post_type=product&#038;p=1911"},"modified":"2019-10-29T09:42:59","modified_gmt":"2019-10-29T08:42:59","slug":"ruzova-ciapka-s-perlami","status":"publish","type":"product","link":"https:\/\/musthavefashion.sk\/index.php\/product\/ruzova-ciapka-s-perlami\/","title":{"rendered":"Ru\u017eov\u00e1 \u010diapka s perlami"},"content":{"rendered":"","protected":false},"excerpt":{"rendered":"<p>Ak h\u013ead\u00e1te k\u00fasok, ktor\u00fd ozdob\u00ed V\u00e1\u0161 outfit, potom t\u00e1to \u010diapka je tou spr\u00e1vnou vo\u013ebou. Z prednej strany je zdoben\u00e1 bielymi a strieborn\u00fdmi perlami, doplnen\u00e1 v\u00fdraznej\u0161\u00edmi kamienkami. Zadn\u00e1 strana je bez zdobenia. \u010ciapka je bez brmbolca a skvele sa hod\u00ed sk\u00f4r elegantnej\u0161\u00edm k\u00faskom ako je napr\u00edklad kab\u00e1t, nie \u0161portov\u00e1 bunda. \u010ciapku je mo\u017en\u00e9 pra\u0165 pri ni\u017e\u0161\u00edch teplot\u00e1ch.<\/p>\n<p>Univerz\u00e1lna ve\u013ekos\u0165: \u0161\u00edrka: 26 cm\/ d\u013a\u017eka: 20 cm<\/p>\n<p>Materi\u00e1l: 15% ka\u0161m\u00edr, 15% lana, 70% visk\u00f3za<\/p>\n","protected":false},"featured_media":1912,"template":"","meta":[],"product_cat":[71],"product_tag":[117,115,116],"_links":{"self":[{"href":"https:\/\/musthavefashion.sk\/index.php\/wp-json\/wp\/v2\/product\/1911"}],"collection":[{"href":"https:\/\/musthavefashion.sk\/index.php\/wp-json\/wp\/v2\/product"}],"about":[{"href":"https:\/\/musthavefashion.sk\/index.php\/wp-json\/wp\/v2\/types\/product"}],"wp:featuredmedia":[{"embeddable":true,"href":"https:\/\/musthavefashion.sk\/index.php\/wp-json\/wp\/v2\/media\/1912"}],"wp:attachment":[{"href":"https:\/\/musthavefashion.sk\/index.php\/wp-json\/wp\/v2\/media?parent=1911"}],"wp:term":[{"taxonomy":"product_cat","embeddable":true,"href":"https:\/\/musthavefashion.sk\/index.php\/wp-json\/wp\/v2\/product_cat?post=1911"},{"taxonomy":"product_tag","embeddable":true,"href":"https:\/\/musthavefashion.sk\/index.php\/wp-json\/wp\/v2\/product_tag?post=1911"}],"curies":[{"name":"wp","href":"https:\/\/api.w.org\/{rel}","templated":true}]}}